+ (183 + -174 - (-1 + 17)) + -13.
-46
What is -41 + (-124 + 111 - (-23 - -1)) + -10?
-42
What is the value of 26 + ((6 - -16) + -41 + 28 - 4)?
31
What is -46 + (116 - -43) + 21?
134
What is (-1 - (10 + (0 - 8))) + -6 - -50?
41
Evaluate 901 - 917 - (-23 + (0 - -2) + 0).
5
What is (-2 + 49 - (-254 + 274) - 1) + 55?
81
What is the value of 124 - (196 - 94) - (18 + -2 - 3)?
9
Calculate -3 - -4 - 5 - (4 + -13 - 35).
40
1 + (2 - -42) + (-337 - -327)
35
What is the value of 116 + (9 - 9) + (-47 - -35) - (1 + 14)?
89
(88 - 108) + (-1 - (-3 - 25))
7
What is the value of 10 + (51 + 13 + 7 + -14 - 16)?
51
Evaluate -8 - (15 - (29 - 101 - -67 - (91 - 1))).
-118
What is 2078 + -2173 + (74 - -3)?
-18
Calculate -7 - (-13 + (1 - (3 + -1)) - 26).
33
Calculate 291 - 248 - ((-4 - -166) + -11).
-108
What is the value of 4 + -14 + (-16 + 6 - -11) - 30 - 4?
-43
What is -9 + (-174 - -159 - (-1 + -68))?
45
Calculate (-18 - -3 - (0 + -29 - -96)) + 12.
-70
Calculate (-1 - -9) + -18 - (-3 - (-3 - (-3 - 23))).
16
What is (4062 - 4173) + 83 + 2?
-26
What is -4 + (6 - (4 - -13 - (6 - -7)))?
-2
What is the value of 265 - 238 - (49 + -6 + -7)?
-9
What is the value of (-222 - -197) + 18 + 6 - 67?
-68
(-9 - -10) + 1 + (5 + -6 - 0)
1
Calculate (188 - 279) + -13 + 10 + 28.
-66
Evaluate 1 - (-19 + 1) - (15 + -3 + -13).
20
What is -77 - -25 - (-2 + (-10 - 3))?
-37
What is the value of (1 - 36 - -16) + (15 - -59 - 11)?
44
Evaluate -108 - (-44 + -56 - -35).
-43
Evaluate (15 - (54 - -1)) + 29.
-11
Evaluate -29 + -28 + 19 - -41.
3
What is 2 + -12 - (-22 - (24 + -30))?
6
What is the value of -68 + 19 - -33 - (21 + 14 + -9)?
-42
What is the value of -13 + (7 - (-13 + 8)) + -9 - -7?
-3
What is the value of 77 - (8 + -49) - (11 + 34)?
73
What is 18 - -1 - (81 + -34 + -31)?
3
-5 - (-6 - (-12 - -12)) - (-3 - -39)
-35
What is (-85 - -90) + -91 - -46?
-40
What is (-1 - (-62 + 1 + -8)) + 18 + -19 - 3?
64
What is the value of 6 - 0 - (-124 - -141 - (-9 + -5))?
-25
What is the value of 17 + (-6 - (-10 + 21)) + (14 - -10)?
24
What is the value of -14 - (-17 + 10 + 5 + -5) - (15 + -59)?
37
Evaluate -12 + 24 + 6 + -1 + -3 + 1 + 93.
108
-2 + 12 + (16 - (25 + -18) - (-14 - 2))
35
26 + (-74 - (-1 - -4)) + -3
-54
What is the value of (0 + 25 - -21) + -126 - (2 - 2)?
-80
Evaluate -111 + (43 - -157) + -38.
51
What is -18 + (10 - 11) + -34 + (3 - -12) + -6?
-44
What is 814 - 842 - (-2 - -26) - 36?
-88
-18 - 5 - (-4 + -133) - 39
75
Calculate -22 - (4 + (-2 - (-12 + (9 - -8))) + -2).
-17
What is the value of (-838 - -734) + (-7 - -191)?
80
-2588 + 2553 + (-4 + 29 - 2)
-12
What is (-2 + (6 - 12) - -7) + -66 + (-15 - -14)?
-68
Calculate (17 + -22 - 4) + 0 + -29.
-38
What is the value of 65 + -62 + 52 - (6 - 34)?
83
Calculate -71 + (107 - 26) - 48.
-38
Evaluate 3 + -16 + -105 + (34 - -184).
100
Evaluate (-2 - (1 + -6)) + (7 - (-5 - (29 - 10))).
34
What is the value of (0 - (32 + 4)) + (88 - (83 - -26))?
-57
Evaluate -58 + 185 + -37 + -122.
-32
(69 - 52) + (-4 - (-26 + 7))
32
Calculate -6 - (-50 + -4 + 2) - (18 + (-16 - -11)).
33
What is the value of 16 - (-3 - (0 + 15 + (-6 - 2)))?
26
What is -8 + 182 - (947 + -848)?
75
Calculate 2 + (-2 - 1) + (6 + -21 - -20) + -52.
-48
Evaluate -1 + 2 + -17 - (-101 - (8 - 57)).
36
What is the value of -13 + -9 + (21 - -4) + -58?
-55
Calculate (-121 - -192 - (1 - -8)) + (1 - (9 - 0)).
54
Evaluate (-9 - ((0 - (-3 + 3)) + -25 + -56)) + -9.
63
-21 - 18 - (168 - 150)
-57
What is 915 - 1053 - (-2 - 67)?
-69
What is (85 - -52) + -122 - (15 + -1)?
1
What is 10 - ((-12 - -9) + 2 - (-5 - (45 - -1)))?
-40
-49 - 18 - -13 - -19 - (0 + 12)
-47
Evaluate (-60 - (-14 + 1 + (1 - (-6 - -3)))) + 6.
-45
What is (-7 - (-10 - -6)) + (34 - (3 + -3) - -2)?
33
Calculate -8 - (0 - (-1 + -9 + (0 - 11))).
-29
Evaluate (33 - -7) + -44 - 2.
-6
What is the value of (260 - 276) + (-2 - -2 - 53 - 3)?
-72
What is (4 - -4) + -11 + 3 - (0 - 15 - 2)?
17
Evaluate 13 + (41 - 119 - (-2 + 2 + -13)).
-52
Calculate (-2 - (-13 - 15)) + (-49 + 27 - -9).
13
What is 54 + 13 + (1 - 3 - 4) + 1 + -7?
55
Calculate -80 + -7 + (17 - 0 - (-146 + 158)) + -8.
-90
What is -29 - ((1 - (-2 - -1 - 3)) + -17 - -13)?
-30
What is the value of 20 + (-30 - (14 + -1 + -24))?
1
5 + -11 + 13 - (4 - 20)
23
What is the value of -2 - (13 + -22) - 35?
-28
Evaluate 6 + -51 + -13 + (0 - 2) + 5.
-55
Calculate (-9 + -21 + 29 - -10) + 25.
34
What is -2 + (-44 - 1 - (-82 - -70)) - -13?
-22
Calculate (-1 - 59 - 1) + 1570 + -1577 + (-1 - -13).
-56
Calculate -1 + -10 + 11 - (49 - (-10 + (20 - 2))).
-41
What is the value of -28 + 21 + -14 + 26?
5
Evaluate -23 + 3 + -25 + 25 - -6.
-14
0 + 41 + (21 - 18) + -2 + 1
43
Calculate (19 + 76 + -17 - (-10 - -22)) + -8 + -7.
51
What is the value of -4 + (6 - -9) + (-51 - -7)?
-33
126 + -44 + 53 + -16
119
What is the value of 3 - ((-66 + 77 - (-1 - -7)) + -15 + -2)?
15
What is -29 - (38 + -48 + -15 + 8)?
-12
What is the value of 22 + -69 - -25 - -26 - (-51 + -3 - 1)?
59
What is -29 + (-46 - -14 - -18)?
-43
What is the value of -2 - (1 + -7 - ((49 - 101) + 33)) - 6?
-21
Evaluate -5 + -1 + ((-41 - 4) + -3 - (8 - 9)).
-53
Calculate -6 + (3 - (9 + (-7 + 0 - 11))) + -17.
-11
What is (-5 - (-39 - -15 - 3 - -13)) + 5 + -2?
12
What is -8 + 20 + -23 + 24 - -7?
20
-11 + (-1 - -1 - (-88 + 52))
25
Evaluate (-5 - (-6 + -57 + 5 + 6)) + 8.
55
What is the value of 101 + -72 + -22 + 35?
42
What is the value of 2 + -3 + (100 - 102) + (1 - 12)?
-14
What is the value of 40 - (84 + -14 - 45)?
15
(114 - 1) + (8325 - 8417)
21
Calculate -3 + -17 + (52 + -20 - 75) + (-7 - -1).
-69
-9 - 1 - (280 + -333 + 10)
33
Evaluate 10 + -1 + -23 - (9 + (-66 - 19)).
62
What is (96 - 65 - -69) + -95?
5
What is -67 + (-26 - -109) - 41?
-25
(-182 - -176 - (1 - -4) - -3) + -21
-29
-88 - -90 - 39 - -151
114
Calculate (-1 - (2 - -43)) + (-52 - (-35 + -11)).
-52
What is the value of 7 - (-22 + 2 - (-7 + (5 - -2)))?
27
39 - ((1 + (-5 - -4) - -5) + -37 + 40)
31
23 + (-7 - 8 - (-51 + 43)) + 2
18
What is the value of -87 + -4 + (-11 - -8 - -14) + -12 - -14?
-78
What is the value of -213 + -18 + 240 + (3 - (13 + (2 - 3)))?
0
What is the value of 1 + -2 - 58 - (54 + -40 + 4)?
-77
-1 - 11 - (-111 + -1 + 69)
31
What is 85 - (98 + (-51 - 15))?
53
(1 - 41) + (2254 - 2268)
-54
Calculate 64 + 75 + 87 - 151.
75
What is -4 + 3 + 1 + -52 + 6 + 61?
15
-49 + (-60 - -101) - -54
46
Calculate (29018 - 28925) + -19 + 0.
74
Evaluate 16 - 11 - 17 - (-1 - 12 - 67).
68
What is the value of -190 + 31 - (278 - 366)?
-71
-4 + -1 - (-108 + (-22 - -127))
-2
Calculate -12 - (58 + (-12 + 2 - -2)).
-62
-17 - (24 + -31) - ((2 + -5 - -7) + -37)
23
Calculate 0 + (-53 - (13 + -7)).
-59
Evaluate (-92 - (27 + -123)) + 65.
69
41 + -43 + (2 - 40)
-40
What is the value of (20 + -12 - (-8 + 4)) + 4 + 0?
16
What is the value of -62 + -46 + -13 - -67?
-54
Calculate (13 - 7) + (6 - -1 - (-7 + 16)).
4
What is the value of -69 + ((0 - -12) + -1 - (5846 + -5831))?
-73
What is -29 - -2 - (518 - 553)?
8
What is 35 + (89 - 70) + -4?
50
What is the value of -3 + -1 + 3 + -2 + 105 - (47 + -47)?
102
Calculate -3 + (-12 + 7 - 14) - 5.
-27
What is -8 + 18 + (7 - (5 - 9))?
21
What is 249 - 249 - (-80 - -135)?
-55
What is -12 + (-1 - 7) + 47 - -21?
48
Calculate -34 - (34 - (105 - 24)).
13
-6 + (-9 - -7 - (-15 + -40 - -15))
32
What is the value of -3 + 134 + 1 + (18 - 0) + (215 - 226)?
139
What is the value of 62 + (37 - 116) + 36?
19
Calculate -20 + -75 + 41 + (-4 + 1 - -12).
-45
(0 - (-4 - 1)) + 10 + 53 + (-68 - -36)
36
Calculate 28 - ((55 - 70) + 112 + -7).
-62
Evaluate 82 - (2 - -85) - (11 - (-1 - -1)).
-16
What is 47 - (-58 - (72 - 117))?
60
-289 - -261 - ((4 - (-6 - -6)) + -1)
-31
What is -21 - (-13 + -18 + (9 - 26) + 133)?
-106
Evaluate 7 + (-49 - (70 - 99)).
-13
What is the value of 71 + 1 - (241 - (-127 - -345))?
49
Calculate 0 + 102 + -60 + (-2 - (9 + -5)).
36
What is 55 + -83 + 93 - -17?
82
What is (17 - 54) + 48 - 32?
-21
What is 99 + (-8 + -1 - (105 - 110)) + 20 + -12?
103
Evaluate -64 + (56 - -25) - (19 - 4).
2
What is 3 + 4 + (-2 - -80) + -36?
49
Calculate -15 + 23 - -4 - 9 - (33 + 0).
-30
Evaluate 12 + (0 - (0 - 3) - (-28 + -3 - -55)).
-9
Calculate -124 - -104 - (1 - 30) - (22 - 2).
-11
4 + -9 + 10 + -85 - (4 - 13 - -1)
-72
Calculate -8 + (-73 - (-134 - -133 - (-1 + 16))).
-65
-30 - -11 - (15 - -5)
-39